{"id":10,"date":"2025-04-11T17:49:21","date_gmt":"2025-04-11T15:49:21","guid":{"rendered":"https:\/\/panomadphotographie.net\/trip\/?page_id=10"},"modified":"2025-06-22T17:11:56","modified_gmt":"2025-06-22T15:11:56","slug":"experience-photo-marseille","status":"publish","type":"page","link":"https:\/\/panomadphotographie.net\/trip\/","title":{"rendered":"Accueil"},"content":{"rendered":"\n<pre class=\"wp-block-code\"><code>&lt;p class=\"visually-hidden\">\nPhotographe \u00e0 Marseille, je propose une exp\u00e9rience photo unique d\u00e9di\u00e9e aux voyageurs : portraits, balades, souvenirs personnalis\u00e9s. La page \/trip vous permet de r\u00e9server facilement votre shooting photo Travel Urban. Id\u00e9al pour immortaliser votre passage en Provence.\n&lt;\/p>\n<\/code><\/pre>\n\n\n\n<p><\/p>\n","protected":false},"excerpt":{"rendered":"","protected":false},"author":1,"featured_media":0,"parent":0,"menu_order":0,"comment_status":"closed","ping_status":"closed","template":"template-frontpage.php","meta":{"footnotes":""},"class_list":["post-10","page","type-page","status-publish","hentry"],"yoast_head":"<!-- This site is optimized with the Yoast SEO plugin v27.2 - https:\/\/yoast.com\/product\/yoast-seo-wordpress\/ -->\n<title>Exp\u00e9rience photo Marseille \u2013 Travel Urban Panomad Photographie<\/title>\n<meta name=\"description\" content=\"Exp\u00e9rience Photo Marseille - Souvenirs de voyage ou shooting Airbnb. Immortalisez votre passage en Provence !\" \/>\n<meta name=\"robots\" content=\"index, nofollow, max-snippet:-1, max-video-preview:-1, noimageindex, noarchive\" \/>\n<link rel=\"canonical\" href=\"https:\/\/panomadphotographie.net\/trip\/\" \/>\n<meta property=\"og:locale\" content=\"fr_FR\" \/>\n<meta property=\"og:type\" content=\"article\" \/>\n<meta property=\"og:title\" content=\"Exp\u00e9rience photo Marseille \u2013 Travel Urban Panomad Photographie\" \/>\n<meta property=\"og:description\" content=\"Exp\u00e9rience Photo Marseille - Souvenirs de voyage ou shooting Airbnb. Immortalisez votre passage en Provence !\" \/>\n<meta property=\"og:url\" content=\"https:\/\/panomadphotographie.net\/trip\/\" \/>\n<meta property=\"og:site_name\" content=\"Panomad Photographie\" \/>\n<meta property=\"article:publisher\" content=\"https:\/\/www.facebook.com\/panomadphotographie\" \/>\n<meta property=\"article:modified_time\" content=\"2025-06-22T15:11:56+00:00\" \/>\n<meta name=\"twitter:card\" content=\"summary_large_image\" \/>\n<script type=\"application\/ld+json\" class=\"yoast-schema-graph\">{\"@context\":\"https:\/\/schema.org\",\"@graph\":[{\"@type\":\"WebPage\",\"@id\":\"https:\/\/panomadphotographie.net\/trip\/\",\"url\":\"https:\/\/panomadphotographie.net\/trip\/\",\"name\":\"Exp\u00e9rience photo Marseille \u2013 Travel Urban Panomad Photographie\",\"isPartOf\":{\"@id\":\"https:\/\/panomadphotographie.net\/trip\/#website\"},\"datePublished\":\"2025-04-11T15:49:21+00:00\",\"dateModified\":\"2025-06-22T15:11:56+00:00\",\"description\":\"Exp\u00e9rience Photo Marseille - Souvenirs de voyage ou shooting Airbnb. Immortalisez votre passage en Provence !\",\"breadcrumb\":{\"@id\":\"https:\/\/panomadphotographie.net\/trip\/#breadcrumb\"},\"inLanguage\":\"fr-FR\",\"potentialAction\":[{\"@type\":\"ReadAction\",\"target\":[\"https:\/\/panomadphotographie.net\/trip\/\"]}]},{\"@type\":\"BreadcrumbList\",\"@id\":\"https:\/\/panomadphotographie.net\/trip\/#breadcrumb\",\"itemListElement\":[{\"@type\":\"ListItem\",\"position\":1,\"name\":\"Accueil\",\"item\":\"https:\/\/panomadphotographie.net\/trip\/\"},{\"@type\":\"ListItem\",\"position\":2,\"name\":\"Accueil\"}]},{\"@type\":\"WebSite\",\"@id\":\"https:\/\/panomadphotographie.net\/trip\/#website\",\"url\":\"https:\/\/panomadphotographie.net\/trip\/\",\"name\":\"Panomad Photographie\",\"description\":\"\",\"publisher\":{\"@id\":\"https:\/\/panomadphotographie.net\/trip\/#organization\"},\"potentialAction\":[{\"@type\":\"SearchAction\",\"target\":{\"@type\":\"EntryPoint\",\"urlTemplate\":\"https:\/\/panomadphotographie.net\/trip\/?s={search_term_string}\"},\"query-input\":{\"@type\":\"PropertyValueSpecification\",\"valueRequired\":true,\"valueName\":\"search_term_string\"}}],\"inLanguage\":\"fr-FR\"},{\"@type\":\"Organization\",\"@id\":\"https:\/\/panomadphotographie.net\/trip\/#organization\",\"name\":\"Panomad Photographie\",\"url\":\"https:\/\/panomadphotographie.net\/trip\/\",\"logo\":{\"@type\":\"ImageObject\",\"inLanguage\":\"fr-FR\",\"@id\":\"https:\/\/panomadphotographie.net\/trip\/#\/schema\/logo\/image\/\",\"url\":\"https:\/\/panomadphotographie.net\/trip\/wp-content\/uploads\/2025\/05\/001.sans-titre.jpg\",\"contentUrl\":\"https:\/\/panomadphotographie.net\/trip\/wp-content\/uploads\/2025\/05\/001.sans-titre.jpg\",\"width\":716,\"height\":720,\"caption\":\"Panomad Photographie\"},\"image\":{\"@id\":\"https:\/\/panomadphotographie.net\/trip\/#\/schema\/logo\/image\/\"},\"sameAs\":[\"https:\/\/www.facebook.com\/panomadphotographie\",\"https:\/\/www.linkedin.com\/in\/panomadphotographie\/\",\"https:\/\/www.instagram.com\/panomadphotographie\/\",\"https:\/\/www.youtube.com\/@panomadphotographie\"]}]}<\/script>\n<!-- \/ Yoast SEO plugin. -->","yoast_head_json":{"title":"Exp\u00e9rience photo Marseille \u2013 Travel Urban Panomad Photographie","description":"Exp\u00e9rience Photo Marseille - Souvenirs de voyage ou shooting Airbnb. Immortalisez votre passage en Provence !","robots":{"index":"index","follow":"nofollow","max-snippet":"max-snippet:-1","max-video-preview":"max-video-preview:-1","imageindex":"noimageindex","archive":"noarchive"},"canonical":"https:\/\/panomadphotographie.net\/trip\/","og_locale":"fr_FR","og_type":"article","og_title":"Exp\u00e9rience photo Marseille \u2013 Travel Urban Panomad Photographie","og_description":"Exp\u00e9rience Photo Marseille - Souvenirs de voyage ou shooting Airbnb. Immortalisez votre passage en Provence !","og_url":"https:\/\/panomadphotographie.net\/trip\/","og_site_name":"Panomad Photographie","article_publisher":"https:\/\/www.facebook.com\/panomadphotographie","article_modified_time":"2025-06-22T15:11:56+00:00","twitter_card":"summary_large_image","schema":{"@context":"https:\/\/schema.org","@graph":[{"@type":"WebPage","@id":"https:\/\/panomadphotographie.net\/trip\/","url":"https:\/\/panomadphotographie.net\/trip\/","name":"Exp\u00e9rience photo Marseille \u2013 Travel Urban Panomad Photographie","isPartOf":{"@id":"https:\/\/panomadphotographie.net\/trip\/#website"},"datePublished":"2025-04-11T15:49:21+00:00","dateModified":"2025-06-22T15:11:56+00:00","description":"Exp\u00e9rience Photo Marseille - Souvenirs de voyage ou shooting Airbnb. Immortalisez votre passage en Provence !","breadcrumb":{"@id":"https:\/\/panomadphotographie.net\/trip\/#breadcrumb"},"inLanguage":"fr-FR","potentialAction":[{"@type":"ReadAction","target":["https:\/\/panomadphotographie.net\/trip\/"]}]},{"@type":"BreadcrumbList","@id":"https:\/\/panomadphotographie.net\/trip\/#breadcrumb","itemListElement":[{"@type":"ListItem","position":1,"name":"Accueil","item":"https:\/\/panomadphotographie.net\/trip\/"},{"@type":"ListItem","position":2,"name":"Accueil"}]},{"@type":"WebSite","@id":"https:\/\/panomadphotographie.net\/trip\/#website","url":"https:\/\/panomadphotographie.net\/trip\/","name":"Panomad Photographie","description":"","publisher":{"@id":"https:\/\/panomadphotographie.net\/trip\/#organization"},"potentialAction":[{"@type":"SearchAction","target":{"@type":"EntryPoint","urlTemplate":"https:\/\/panomadphotographie.net\/trip\/?s={search_term_string}"},"query-input":{"@type":"PropertyValueSpecification","valueRequired":true,"valueName":"search_term_string"}}],"inLanguage":"fr-FR"},{"@type":"Organization","@id":"https:\/\/panomadphotographie.net\/trip\/#organization","name":"Panomad Photographie","url":"https:\/\/panomadphotographie.net\/trip\/","logo":{"@type":"ImageObject","inLanguage":"fr-FR","@id":"https:\/\/panomadphotographie.net\/trip\/#\/schema\/logo\/image\/","url":"https:\/\/panomadphotographie.net\/trip\/wp-content\/uploads\/2025\/05\/001.sans-titre.jpg","contentUrl":"https:\/\/panomadphotographie.net\/trip\/wp-content\/uploads\/2025\/05\/001.sans-titre.jpg","width":716,"height":720,"caption":"Panomad Photographie"},"image":{"@id":"https:\/\/panomadphotographie.net\/trip\/#\/schema\/logo\/image\/"},"sameAs":["https:\/\/www.facebook.com\/panomadphotographie","https:\/\/www.linkedin.com\/in\/panomadphotographie\/","https:\/\/www.instagram.com\/panomadphotographie\/","https:\/\/www.youtube.com\/@panomadphotographie"]}]}},"_links":{"self":[{"href":"https:\/\/panomadphotographie.net\/trip\/wp-json\/wp\/v2\/pages\/10","targetHints":{"allow":["GET"]}}],"collection":[{"href":"https:\/\/panomadphotographie.net\/trip\/wp-json\/wp\/v2\/pages"}],"about":[{"href":"https:\/\/panomadphotographie.net\/trip\/wp-json\/wp\/v2\/types\/page"}],"author":[{"embeddable":true,"href":"https:\/\/panomadphotographie.net\/trip\/wp-json\/wp\/v2\/users\/1"}],"replies":[{"embeddable":true,"href":"https:\/\/panomadphotographie.net\/trip\/wp-json\/wp\/v2\/comments?post=10"}],"version-history":[{"count":0,"href":"https:\/\/panomadphotographie.net\/trip\/wp-json\/wp\/v2\/pages\/10\/revisions"}],"wp:attachment":[{"href":"https:\/\/panomadphotographie.net\/trip\/wp-json\/wp\/v2\/media?parent=10"}],"curies":[{"name":"wp","href":"https:\/\/api.w.org\/{rel}","templated":true}]}}